ulate the remainder when 159 is divided by 24.
15
What is the remainder when 2401 is divided by 25?
1
Calculate the remainder when 72 is divided by 8.
0
Calculate the remainder when 6078 is divided by 57.
36
What is the remainder when 330 is divided by 9?
6
What is the remainder when 838 is divided by 15?
13
What is the remainder when 903 is divided by 448?
7
What is the remainder when 82 is divided by 3?
1
Calculate the remainder when 2301 is divided by 18.
15
What is the remainder when 156 is divided by 16?
12
What is the remainder when 503 is divided by 154?
41
Calculate the remainder when 379 is divided by 17.
5
What is the remainder when 4645 is divided by 16?
5
Calculate the remainder when 32 is divided by 12.
8
What is the remainder when 3115 is divided by 29?
12
Calculate the remainder when 128 is divided by 12.
8
Calculate the remainder when 82 is divided by 45.
37
What is the remainder when 112 is divided by 51?
10
Calculate the remainder when 8408 is divided by 10.
8
Calculate the remainder when 196 is divided by 50.
46
What is the remainder when 4886 is divided by 223?
203
What is the remainder when 648 is divided by 388?
260
Calculate the remainder when 1076 is divided by 120.
116
What is the remainder when 440 is divided by 13?
11
What is the remainder when 1299 is divided by 9?
3
What is the remainder when 183 is divided by 49?
36
What is the remainder when 2547 is divided by 54?
9
Calculate the remainder when 168 is divided by 18.
6
Calculate the remainder when 4942 is divided by 552.
526
Calculate the remainder when 654 is divided by 4.
2
Calculate the remainder when 927 is divided by 119.
94
What is the remainder when 124 is divided by 23?
9
Calculate the remainder when 1173 is divided by 41.
25
What is the remainder when 436 is divided by 37?
29
What is the remainder when 98 is divided by 50?
48
Calculate the remainder when 2031 is divided by 21.
15
What is the remainder when 373 is divided by 118?
19
What is the remainder when 2519 is divided by 56?
55
What is the remainder when 197 is divided by 11?
10
What is the remainder when 174 is divided by 73?
28
Calculate the remainder when 993 is divided by 71.
70
What is the remainder when 51 is divided by 25?
1
What is the remainder when 220 is divided by 32?
28
Calculate the remainder when 705 is divided by 79.
73
Calculate the remainder when 106 is divided by 45.
16
What is the remainder when 3953 is divided by 56?
33
Calculate the remainder when 279 is divided by 17.
7
What is the remainder when 536 is divided by 14?
4
What is the remainder when 271 is divided by 46?
41
What is the remainder when 630 is divided by 10?
0
Calculate the remainder when 570 is divided by 117.
102
What is the remainder when 186 is divided by 89?
8
Calculate the remainder when 474 is divided by 248.
226
Calculate the remainder when 99 is divided by 36.
27
What is the remainder when 444 is divided by 8?
4
Calculate the remainder when 87 is divided by 25.
12
Calculate the remainder when 163 is divided by 60.
43
Calculate the remainder when 322 is divided by 36.
34
What is the remainder when 2043 is divided by 21?
6
Calculate the remainder when 542 is divided by 91.
87
What is the remainder when 205 is divided by 27?
16
What is the remainder when 2116 is divided by 151?
2
Calculate the remainder when 25 is divided by 7.
4
What is the remainder when 1762 is divided by 438?
10
What is the remainder when 223 is divided by 19?
14
What is the remainder when 18269 is divided by 58?
57
Calculate the remainder when 8397 is divided by 84.
81
Calculate the remainder when 229 is divided by 51.
25
Calculate the remainder when 154 is divided by 24.
10
What is the remainder when 837 is divided by 140?
137
Calculate the remainder when 1564 is divided by 675.
214
What is the remainder when 283 is divided by 96?
91
Calculate the remainder when 1015 is divided by 127.
126
What is the remainder when 5 is divided by 1?
0
What is the remainder when 487 is divided by 49?
46
Calculate the remainder when 101 is divided by 39.
23
What is the remainder when 103 is divided by 50?
3
Calculate the remainder when 3869 is divided by 38.
31
What is the remainder when 10355 is divided by 12?
11
Calculate the remainder when 77 is divided by 25.
2
Calculate the remainder when 290 is divided by 30.
20
What is the remainder when 783 is divided by 148?
43
Calculate the remainder when 22788 is divided by 43.
41
Calculate the remainder when 2088 is divided by 346.
12
What is the remainder when 58 is divided by 40?
18
Calculate the remainder when 75 is divided by 27.
21
What is the remainder when 496 is divided by 164?
4
What is the remainder when 9680 is divided by 34?
24
Calculate the remainder when 513 is divided by 170.
3
Calculate the remainder when 338 is divided by 10.
8
What is the remainder when 2969 is divided by 66?
65
What is the remainder when 172 is divided by 43?
0
Calculate the remainder when 209 is divided by 28.
13
Calculate the remainder when 1429 is divided by 470.
19
What is the remainder when 1480 is divided by 14?
10
Calculate the remainder when 735 is divided by 236.
27
Calculate the remainder when 448 is divided by 137.
37
What is the remainder when 5144 is divided by 52?
48
What is the remainder when 892 is divided by 15?
7
What is the remainder when 139 is divided by 28?
27
What is the remainder when 1703 is divided by 244?
239
Calculate the remainder when 180 is divided by 13.
11
What is the remainder when 41 is divided by 24?
17
What is the remainder when 175 is divided by 172?
3
Calculate the remainder when 35 is divided by 28.
7
Calculate the remainder when 118 is divided by 59.
0
What is the remainder when 106 is divided by 31?
13
What is the remainder when 186 is divided by 39?
30
What is the remainder when 30486 is divided by 296?
294
Calculate the remainder when 112 is divided by 34.
10
Calculate the remainder when 249 is divided by 182.
67
Calculate the remainder when 135 is divided by 42.
9
Calculate the remainder when 228 is divided by 10.
8
Calculate the remainder when 14 is divided by 7.
0
What is the remainder when 365 is divided by 174?
17
What is the remainder when 25 is divided by 9?
7
What is the remainder when 32 is divided by 32?
0
What is the remainder when 520 is divided by 212?
96
What is the remainder when 234 is divided by 85?
64
Calculate the remainder when 259 is divided by 80.
19
What is the remainder when 580 is divided by 110?
30
What is the remainder when 1261 is divided by 158?
155
What is the remainder when 679 is divided by 213?
40
What is the remainder when 167 is divided by 27?
5
Calculate the remainder when 203 is divided by 71.
61
What is the remainder when 500 is divided by 12?
8
What is the remainder when 174 is divided by 22?
20
Calculate the remainder when 1572 is divided by 431.
279
What is the remainder when 127 is divided by 63?
1
What is the remainder when 48 is divided by 4?
0
Calculate the remainder when 124 is divided by 35.
19
What is the remainder when 99 is divided by 35?
29
What is the remainder when 266 is divided by 137?
129
What is the remainder when 1939 is divided by 97?
96
Calculate the remainder when 235 is divided by 51.
31
What is the remainder when 821 is divided by 83?
74
What is the remainder when 117 is divided by 15?
12
What is the remainder when 5903 is divided by 26?
1
What is the remainder when 5848 is divided by 133?
129
Calculate the remainder when 1465 is divided by 113.
109
What is the remainder when 3057 is divided by 180?
177
Calculate the remainder when 44 is divided by 37.
7
What is the remainder when 178 is divided by 86?
6
Calculate the remainder when 138 is divided by 72.
66
What is the remainder when 3273 is divided by 63?
60
What is the remainder when 1138 is divided by 95?
93
Calculate the remainder when 298 is divided by 38.
32
Calculate the remainder when 1629 is divided by 202.
13
What is the remainder when 31 is divided by 16?
15
What is the remainder when 1301 is divided by 140?
41
Calculate the remainder when 1363 is divided by 134.
23
Calculate the remainder when 334 is divided by 57.
49
What is the remainder when 250 is divided by 42?
40
Calculate the remainder when 71 is divided by 29.
13
What is the remainder when 223 